{"id":622,"date":"2022-04-07T18:10:12","date_gmt":"2022-04-07T16:10:12","guid":{"rendered":"https:\/\/phsg-jahresbericht.ch\/2025\/?page_id=622"},"modified":"2025-04-15T17:25:47","modified_gmt":"2025-04-15T15:25:47","slug":"weiterbildung","status":"publish","type":"page","link":"https:\/\/phsg-jahresbericht.ch\/2024\/berichtsjahr-2024\/weiterbildung\/","title":{"rendered":"Weiterbildung"},"content":{"rendered":"\t\t<div data-elementor-type=\"wp-page\" data-elementor-id=\"622\" class=\"elementor elementor-622\" data-elementor-post-type=\"page\">\n\t\t\t\t<div class=\"elementor-element elementor-element-35c2acf e-flex e-con-boxed e-con e-parent\" data-id=\"35c2acf\" data-element_type=\"container\" data-settings=\"{&quot;jet_parallax_layout_list&quot;:[]}\">\n\t\t\t\t\t<div class=\"e-con-inner\">\n\t\t\t\t<div class=\"elementor-element elementor-element-2ecd4ba elementor-widget elementor-widget-heading\" data-id=\"2ecd4ba\" data-element_type=\"widget\" id=\"subtitle-underline\" data-widget_type=\"heading.default\">\n\t\t\t\t<div class=\"elementor-widget-container\">\n\t\t\t\t\t<h3 class=\"elementor-heading-title elementor-size-default\">Berichtsjahr 2024<\/h3>\t\t\t\t<\/div>\n\t\t\t\t<\/div>\n\t\t\t\t<div class=\"elementor-element elementor-element-82503f5 elementor-widget elementor-widget-heading\" data-id=\"82503f5\" data-element_type=\"widget\" data-widget_type=\"heading.default\">\n\t\t\t\t<div class=\"elementor-widget-container\">\n\t\t\t\t\t<h3 class=\"elementor-heading-title elementor-size-default\">Die PHSG verfolgt das Ziel, die wichtigste Weiterbildungspartnerin f\u00fcr Lehrpersonen im Kanton St.Gallen zu sein.<\/h3>\t\t\t\t<\/div>\n\t\t\t\t<\/div>\n\t\t\t\t\t<\/div>\n\t\t\t\t<\/div>\n\t\t<div class=\"elementor-element elementor-element-dfcbd4c e-con-full e-flex e-con e-parent\" data-id=\"dfcbd4c\" data-element_type=\"container\" data-settings=\"{&quot;jet_parallax_layout_list&quot;:[],&quot;background_background&quot;:&quot;classic&quot;}\">\n\t\t\t\t<\/div>\n\t\t<div class=\"elementor-element elementor-element-8589b64 e-flex e-con-boxed e-con e-parent\" data-id=\"8589b64\" data-element_type=\"container\" data-settings=\"{&quot;jet_parallax_layout_list&quot;:[]}\">\n\t\t\t\t\t<div class=\"e-con-inner\">\n\t\t\t\t<div class=\"elementor-element elementor-element-576c1a4 elementor-widget elementor-widget-heading\" data-id=\"576c1a4\" data-element_type=\"widget\" data-widget_type=\"heading.default\">\n\t\t\t\t<div class=\"elementor-widget-container\">\n\t\t\t\t\t<h2 class=\"elementor-heading-title elementor-size-default\">CAS Kinderrechte, Demokratie und Menschenrechte leben, lernen und lehren<\/h2>\t\t\t\t<\/div>\n\t\t\t\t<\/div>\n\t\t\t\t<div class=\"elementor-element elementor-element-0e8d39b elementor-widget elementor-widget-text-editor\" data-id=\"0e8d39b\" data-element_type=\"widget\" data-widget_type=\"text-editor.default\">\n\t\t\t\t<div class=\"elementor-widget-container\">\n\t\t\t\t\t\t\t\t\t<p>Die Auseinandersetzung mit Menschen- und Kinderrechten stellt eine Grundvoraussetzung f\u00fcr Demokratien dar. Der Bildung kommt dabei eine zentrale Funktion und Verantwortung zu. In der Schweiz bestehen aber Defizite, wie auch der Bundesrat festgestellt hat. Hier setzt der neue CAS \u00abKinderrechte, Demokratie und Menschenrechte leben, lernen und lehren\u00bb an. Er vereint Demokratiebildung, Menschenrechtsbildung und Politische Bildung und macht die Teilnehmenden in ihren Institutionen zu Katalysatoren demokratie-, menschenrechts- und kinderrechtsbewusster Haltungen und Handlungen. Er ist auf Akteurinnen und Akteure aus Bildung, Jugend- und Sozialarbeit sowie aus der Zivilgesellschaft ausgerichtet. Der CAS ist das Produkt eines gewachsenen und eingespielten Netzwerks von Dozierenden und Institutionen der PHSG und der P\u00e4dagogischen Hochschule Luzern und wird von den Hochschulen gemeinsam durchgef\u00fchrt und verantwortet.<\/p><p><a href=\"https:\/\/www.phsg.ch\/de\/weiterbildung\/gesamtuebersicht\/cas-kinderrechte-demokratie-und-menschenrechte-leben-lernen-und-lehren\" target=\"_blank\" rel=\"noopener\">Mehr erfahren<\/a><\/p>\t\t\t\t\t\t\t\t<\/div>\n\t\t\t\t<\/div>\n\t\t\t\t\t<\/div>\n\t\t\t\t<\/div>\n\t\t<div class=\"elementor-element elementor-element-27aae43 e-flex e-con-boxed e-con e-parent\" data-id=\"27aae43\" data-element_type=\"container\" data-settings=\"{&quot;jet_parallax_layout_list&quot;:[]}\">\n\t\t\t\t\t<div class=\"e-con-inner\">\n\t\t\t\t<div class=\"elementor-element elementor-element-9008b46 elementor-widget elementor-widget-heading\" data-id=\"9008b46\" data-element_type=\"widget\" data-widget_type=\"heading.default\">\n\t\t\t\t<div class=\"elementor-widget-container\">\n\t\t\t\t\t<h2 class=\"elementor-heading-title elementor-size-default\">Weiterbildungsplattform \u00abaprendo \u2013 digitale Kompetenz\u00bb<\/h2>\t\t\t\t<\/div>\n\t\t\t\t<\/div>\n\t\t\t\t<div class=\"elementor-element elementor-element-aed0003 elementor-widget elementor-widget-text-editor\" data-id=\"aed0003\" data-element_type=\"widget\" data-widget_type=\"text-editor.default\">\n\t\t\t\t<div class=\"elementor-widget-container\">\n\t\t\t\t\t\t\t\t\t<p>Die Weiterbildungsplattform \u00abaprendo \u2013 digitale Kompetenz\u00bb, welche im Rahmen der IT-Bildungsoffensive des Kantons St.Gallen an der PHSG entwickelt wurde, blickt auf ein erfolgreiches Jahr zur\u00fcck. Bis Ende 2024 wurden insgesamt 20&#8217;322 Module abgeschlossen, 17&#8217;793 im Solo-Format, 1&#8217;844 online und 685 im Blended-Format. Bis Ende 2024 haben Lehrpersonen im Kanton insgesamt 84\u2019899 Weiterbildungsstunden \u00fcber aprendo.ch absolviert.<\/p><p>Ein weiterer Meilenstein war die umfassende, erfolgreich bestandene Pr\u00fcfung durch die kantonale Datenschutzfachstelle. Im Jahr 2025 werden entscheidende Weichen f\u00fcr die Weiterf\u00fchrung der Plattform gestellt.<\/p><p><a href=\"https:\/\/aprendo.ch\/\" target=\"_blank\" rel=\"noopener\">aprendo.ch<\/a><\/p>\t\t\t\t\t\t\t\t<\/div>\n\t\t\t\t<\/div>\n\t\t\t\t\t<\/div>\n\t\t\t\t<\/div>\n\t\t<div class=\"elementor-element elementor-element-f6635f4 e-flex e-con-boxed e-con e-parent\" data-id=\"f6635f4\" data-element_type=\"container\" data-settings=\"{&quot;jet_parallax_layout_list&quot;:[]}\">\n\t\t\t\t\t<div class=\"e-con-inner\">\n\t\t\t\t<div class=\"elementor-element elementor-element-2382dca elementor-widget elementor-widget-template\" data-id=\"2382dca\" data-element_type=\"widget\" data-widget_type=\"template.default\">\n\t\t\t\t<div class=\"elementor-widget-container\">\n\t\t\t\t\t\t\t<div class=\"elementor-template\">\n\t\t\t\t\t<div data-elementor-type=\"container\" data-elementor-id=\"5716\" class=\"elementor elementor-5716\" data-elementor-post-type=\"elementor_library\">\n\t\t\t\t<div class=\"elementor-element elementor-element-23c3e09e e-flex e-con-boxed e-con e-parent\" data-id=\"23c3e09e\" data-element_type=\"container\" data-settings=\"{&quot;jet_parallax_layout_list&quot;:[]}\">\n\t\t\t\t\t<div class=\"e-con-inner\">\n\t\t\t\t<div class=\"elementor-element elementor-element-70f02ec elementor-widget elementor-widget-spacer\" data-id=\"70f02ec\" data-element_type=\"widget\" data-widget_type=\"spacer.default\">\n\t\t\t\t<div class=\"elementor-widget-container\">\n\t\t\t\t\t\t\t<div class=\"elementor-spacer\">\n\t\t\t<div class=\"elementor-spacer-inner\"><\/div>\n\t\t<\/div>\n\t\t\t\t\t\t<\/div>\n\t\t\t\t<\/div>\n\t\t\t\t<div class=\"elementor-element elementor-element-296a0c96 elementor-widget elementor-widget-heading\" data-id=\"296a0c96\" data-element_type=\"widget\" data-widget_type=\"heading.default\">\n\t\t\t\t<div class=\"elementor-widget-container\">\n\t\t\t\t\t<h3 class=\"elementor-heading-title elementor-size-default\">Weitere Themen, die Sie interessieren k\u00f6nnten<\/h3>\t\t\t\t<\/div>\n\t\t\t\t<\/div>\n\t\t\t\t<div class=\"elementor-element elementor-element-3c21c8db elementor-hidden-tablet elementor-widget elementor-widget-raven-posts\" data-id=\"3c21c8db\" data-element_type=\"widget\" data-settings=\"{&quot;classic_columns&quot;:&quot;4&quot;,&quot;query_posts_per_page&quot;:4,&quot;_skin&quot;:&quot;classic&quot;,&quot;classic_layout&quot;:&quot;grid&quot;,&quot;classic_columns_tablet&quot;:&quot;2&quot;,&quot;classic_columns_mobile&quot;:&quot;1&quot;,&quot;query_offset&quot;:0}\" data-widget_type=\"raven-posts.classic\">\n\t\t\t\t<div class=\"elementor-widget-container\">\n\t\t\t\t\t\t\t<div class=\"raven-posts raven-grid raven-grid-4 raven-grid-mobile-1 raven-grid-tablet-2\" data-post-id=\"5716\" data-archive-query=\"\" data-lang=\"\">\n\t\t\t\t<div class=\"raven-grid-item raven-post-item post-768 page type-page status-publish has-post-thumbnail hentry\">\n\t\t\t<div class=\"raven-post elementor-animation-grow\">\n\t\t\t\t\t\t<div class=\"raven-post-image-wrap\">\n\t\t\t<a class=\"raven-post-image raven-image-fit\" href=\"https:\/\/phsg-jahresbericht.ch\/2024\/zahlen-fakten\/personalbestand\/\"><img fetchpriority=\"high\" decoding=\"async\" width=\"800\" height=\"533\" src=\"https:\/\/phsg-jahresbericht.ch\/2024\/wp-content\/uploads\/sites\/5\/phsg-jahresbericht-2024-weitere-themen-personalbestand.jpg\" class=\"attachment-large size-large wp-image-7372\" alt=\"\" srcset=\"https:\/\/phsg-jahresbericht.ch\/2024\/wp-content\/uploads\/sites\/5\/phsg-jahresbericht-2024-weitere-themen-personalbestand.jpg 800w, https:\/\/phsg-jahresbericht.ch\/2024\/wp-content\/uploads\/sites\/5\/phsg-jahresbericht-2024-weitere-themen-personalbestand-768x512.jpg 768w\" sizes=\"(max-width: 800px) 100vw, 800px\" \/> <span class=\"raven-post-image-overlay\"><\/span><\/a>\t\t<\/div>\n\t\t\t\t\t\t<div class=\"raven-post-content\">\n\t\t\t\t\t<h3 class=\"raven-post-title\"><a class=\"raven-post-title-link\" href=\"https:\/\/phsg-jahresbericht.ch\/2024\/zahlen-fakten\/personalbestand\/\">Personalbestand<\/a><\/h3>\t\t\t\t<\/div>\n\t\t\t<\/div>\n\t\t<\/div>\n\t\t\t\t<div class=\"raven-grid-item raven-post-item post-3793 page type-page status-publish has-post-thumbnail hentry\">\n\t\t\t<div class=\"raven-post elementor-animation-grow\">\n\t\t\t\t\t\t<div class=\"raven-post-image-wrap\">\n\t\t\t<a class=\"raven-post-image raven-image-fit\" href=\"https:\/\/phsg-jahresbericht.ch\/2024\/fokus\/chronik\/\"><img decoding=\"async\" width=\"800\" height=\"450\" src=\"https:\/\/phsg-jahresbericht.ch\/2024\/wp-content\/uploads\/sites\/5\/phsg-jahresbericht-2024-weitere-themen-chronik.jpg\" class=\"attachment-large size-large wp-image-7370\" alt=\"\" srcset=\"https:\/\/phsg-jahresbericht.ch\/2024\/wp-content\/uploads\/sites\/5\/phsg-jahresbericht-2024-weitere-themen-chronik.jpg 800w, https:\/\/phsg-jahresbericht.ch\/2024\/wp-content\/uploads\/sites\/5\/phsg-jahresbericht-2024-weitere-themen-chronik-768x432.jpg 768w\" sizes=\"(max-width: 800px) 100vw, 800px\" \/> <span class=\"raven-post-image-overlay\"><\/span><\/a>\t\t<\/div>\n\t\t\t\t\t\t<div class=\"raven-post-content\">\n\t\t\t\t\t<h3 class=\"raven-post-title\"><a class=\"raven-post-title-link\" href=\"https:\/\/phsg-jahresbericht.ch\/2024\/fokus\/chronik\/\">Chronik<\/a><\/h3>\t\t\t\t<\/div>\n\t\t\t<\/div>\n\t\t<\/div>\n\t\t\t\t<div class=\"raven-grid-item raven-post-item post-1152 page type-page status-publish has-post-thumbnail hentry\">\n\t\t\t<div class=\"raven-post elementor-animation-grow\">\n\t\t\t\t\t\t<div class=\"raven-post-image-wrap\">\n\t\t\t<a class=\"raven-post-image raven-image-fit\" href=\"https:\/\/phsg-jahresbericht.ch\/2024\/zahlen-fakten\/studierendenzahlen\/\"><img decoding=\"async\" width=\"800\" height=\"534\" src=\"https:\/\/phsg-jahresbericht.ch\/2024\/wp-content\/uploads\/sites\/5\/phsg-jahresbericht-2024-weitere-themen-studierendenzahlen.jpg\" class=\"attachment-large size-large wp-image-7373\" alt=\"\" srcset=\"https:\/\/phsg-jahresbericht.ch\/2024\/wp-content\/uploads\/sites\/5\/phsg-jahresbericht-2024-weitere-themen-studierendenzahlen.jpg 800w, https:\/\/phsg-jahresbericht.ch\/2024\/wp-content\/uploads\/sites\/5\/phsg-jahresbericht-2024-weitere-themen-studierendenzahlen-768x513.jpg 768w\" sizes=\"(max-width: 800px) 100vw, 800px\" \/> <span class=\"raven-post-image-overlay\"><\/span><\/a>\t\t<\/div>\n\t\t\t\t\t\t<div class=\"raven-post-content\">\n\t\t\t\t\t<h3 class=\"raven-post-title\"><a class=\"raven-post-title-link\" href=\"https:\/\/phsg-jahresbericht.ch\/2024\/zahlen-fakten\/studierendenzahlen\/\">Studierendenzahlen<\/a><\/h3>\t\t\t\t<\/div>\n\t\t\t<\/div>\n\t\t<\/div>\n\t\t\t\t<div class=\"raven-grid-item raven-post-item post-762 page type-page status-publish has-post-thumbnail hentry\">\n\t\t\t<div class=\"raven-post elementor-animation-grow\">\n\t\t\t\t\t\t<div class=\"raven-post-image-wrap\">\n\t\t\t<a class=\"raven-post-image raven-image-fit\" href=\"https:\/\/phsg-jahresbericht.ch\/2024\/ueber-uns\/institute\/\"><img loading=\"lazy\" decoding=\"async\" width=\"2560\" height=\"1116\" src=\"https:\/\/phsg-jahresbericht.ch\/2024\/wp-content\/uploads\/sites\/5\/phsg-jahresbericht-ueber-uns-institute-headerbild.jpg\" class=\"attachment-large size-large wp-image-6210\" alt=\"\" srcset=\"https:\/\/phsg-jahresbericht.ch\/2024\/wp-content\/uploads\/sites\/5\/phsg-jahresbericht-ueber-uns-institute-headerbild.jpg 2560w, https:\/\/phsg-jahresbericht.ch\/2024\/wp-content\/uploads\/sites\/5\/phsg-jahresbericht-ueber-uns-institute-headerbild-768x335.jpg 768w, https:\/\/phsg-jahresbericht.ch\/2024\/wp-content\/uploads\/sites\/5\/phsg-jahresbericht-ueber-uns-institute-headerbild-1536x670.jpg 1536w, https:\/\/phsg-jahresbericht.ch\/2024\/wp-content\/uploads\/sites\/5\/phsg-jahresbericht-ueber-uns-institute-headerbild-2048x893.jpg 2048w\" sizes=\"(max-width: 2560px) 100vw, 2560px\" \/> <span class=\"raven-post-image-overlay\"><\/span><\/a>\t\t<\/div>\n\t\t\t\t\t\t<div class=\"raven-post-content\">\n\t\t\t\t\t<h3 class=\"raven-post-title\"><a class=\"raven-post-title-link\" href=\"https:\/\/phsg-jahresbericht.ch\/2024\/ueber-uns\/institute\/\">Institute<\/a><\/h3>\t\t\t\t<\/div>\n\t\t\t<\/div>\n\t\t<\/div>\n\t\t\t\t<\/div>\n\t\t\t\t\t\t<\/div>\n\t\t\t\t<\/div>\n\t\t\t\t<div class=\"elementor-element elementor-element-39836b63 elementor-hidden-desktop elementor-hidden-mobile elementor-widget elementor-widget-raven-posts\" data-id=\"39836b63\" data-element_type=\"widget\" data-settings=\"{&quot;classic_columns&quot;:&quot;4&quot;,&quot;query_posts_per_page&quot;:3,&quot;classic_columns_tablet&quot;:&quot;3&quot;,&quot;_skin&quot;:&quot;classic&quot;,&quot;classic_layout&quot;:&quot;grid&quot;,&quot;classic_columns_mobile&quot;:&quot;1&quot;,&quot;query_offset&quot;:0}\" data-widget_type=\"raven-posts.classic\">\n\t\t\t\t<div class=\"elementor-widget-container\">\n\t\t\t\t\t\t\t<div class=\"raven-posts raven-grid raven-grid-4 raven-grid-mobile-1 raven-grid-tablet-3\" data-post-id=\"5716\" data-archive-query=\"\" data-lang=\"\">\n\t\t\t\t<div class=\"raven-grid-item raven-post-item post-452 page type-page status-publish has-post-thumbnail hentry\">\n\t\t\t<div class=\"raven-post elementor-animation-grow\">\n\t\t\t\t\t\t<div class=\"raven-post-image-wrap\">\n\t\t\t<a class=\"raven-post-image raven-image-fit\" href=\"https:\/\/phsg-jahresbericht.ch\/2024\/berichtsjahr-2024\/ausbildung\/\"><img loading=\"lazy\" decoding=\"async\" width=\"2560\" height=\"1116\" src=\"https:\/\/phsg-jahresbericht.ch\/2024\/wp-content\/uploads\/sites\/5\/phsg-jahresbericht-2024-berichtsjahr-ausbildung-headerbild.jpg\" class=\"attachment-large size-large wp-image-5783\" alt=\"\" srcset=\"https:\/\/phsg-jahresbericht.ch\/2024\/wp-content\/uploads\/sites\/5\/phsg-jahresbericht-2024-berichtsjahr-ausbildung-headerbild.jpg 2560w, https:\/\/phsg-jahresbericht.ch\/2024\/wp-content\/uploads\/sites\/5\/phsg-jahresbericht-2024-berichtsjahr-ausbildung-headerbild-768x335.jpg 768w, https:\/\/phsg-jahresbericht.ch\/2024\/wp-content\/uploads\/sites\/5\/phsg-jahresbericht-2024-berichtsjahr-ausbildung-headerbild-1536x670.jpg 1536w, https:\/\/phsg-jahresbericht.ch\/2024\/wp-content\/uploads\/sites\/5\/phsg-jahresbericht-2024-berichtsjahr-ausbildung-headerbild-2048x893.jpg 2048w\" sizes=\"(max-width: 2560px) 100vw, 2560px\" \/> <span class=\"raven-post-image-overlay\"><\/span><\/a>\t\t<\/div>\n\t\t\t\t\t\t<div class=\"raven-post-content\">\n\t\t\t\t\t<h3 class=\"raven-post-title\"><a class=\"raven-post-title-link\" href=\"https:\/\/phsg-jahresbericht.ch\/2024\/berichtsjahr-2024\/ausbildung\/\">Ausbildung<\/a><\/h3>\t\t\t\t<\/div>\n\t\t\t<\/div>\n\t\t<\/div>\n\t\t\t\t<div class=\"raven-grid-item raven-post-item post-3787 page type-page status-publish has-post-thumbnail hentry\">\n\t\t\t<div class=\"raven-post elementor-animation-grow\">\n\t\t\t\t\t\t<div class=\"raven-post-image-wrap\">\n\t\t\t<a class=\"raven-post-image raven-image-fit\" href=\"https:\/\/phsg-jahresbericht.ch\/2024\/fokus\/thema\/\"><img loading=\"lazy\" decoding=\"async\" width=\"2560\" height=\"1116\" src=\"https:\/\/phsg-jahresbericht.ch\/2024\/wp-content\/uploads\/sites\/5\/phsg-jahresbericht-2024-fokus-thema-hochschultag.jpg\" class=\"attachment-large size-large wp-image-5692\" alt=\"\" srcset=\"https:\/\/phsg-jahresbericht.ch\/2024\/wp-content\/uploads\/sites\/5\/phsg-jahresbericht-2024-fokus-thema-hochschultag.jpg 2560w, https:\/\/phsg-jahresbericht.ch\/2024\/wp-content\/uploads\/sites\/5\/phsg-jahresbericht-2024-fokus-thema-hochschultag-768x335.jpg 768w, https:\/\/phsg-jahresbericht.ch\/2024\/wp-content\/uploads\/sites\/5\/phsg-jahresbericht-2024-fokus-thema-hochschultag-1536x670.jpg 1536w, https:\/\/phsg-jahresbericht.ch\/2024\/wp-content\/uploads\/sites\/5\/phsg-jahresbericht-2024-fokus-thema-hochschultag-2048x893.jpg 2048w\" sizes=\"(max-width: 2560px) 100vw, 2560px\" \/> <span class=\"raven-post-image-overlay\"><\/span><\/a>\t\t<\/div>\n\t\t\t\t\t\t<div class=\"raven-post-content\">\n\t\t\t\t\t<h3 class=\"raven-post-title\"><a class=\"raven-post-title-link\" href=\"https:\/\/phsg-jahresbericht.ch\/2024\/fokus\/thema\/\">Thema<\/a><\/h3>\t\t\t\t<\/div>\n\t\t\t<\/div>\n\t\t<\/div>\n\t\t\t\t<div class=\"raven-grid-item raven-post-item post-622 page type-page status-publish has-post-thumbnail hentry\">\n\t\t\t<div class=\"raven-post elementor-animation-grow\">\n\t\t\t\t\t\t<div class=\"raven-post-image-wrap\">\n\t\t\t<a class=\"raven-post-image raven-image-fit\" href=\"https:\/\/phsg-jahresbericht.ch\/2024\/berichtsjahr-2024\/weiterbildung\/\"><img loading=\"lazy\" decoding=\"async\" width=\"2560\" height=\"1116\" src=\"https:\/\/phsg-jahresbericht.ch\/2024\/wp-content\/uploads\/sites\/5\/phsg-jahresbericht-2024-berichtsjahr-weiterbildung-headerbild.jpg\" class=\"attachment-large size-large wp-image-5936\" alt=\"\" srcset=\"https:\/\/phsg-jahresbericht.ch\/2024\/wp-content\/uploads\/sites\/5\/phsg-jahresbericht-2024-berichtsjahr-weiterbildung-headerbild.jpg 2560w, https:\/\/phsg-jahresbericht.ch\/2024\/wp-content\/uploads\/sites\/5\/phsg-jahresbericht-2024-berichtsjahr-weiterbildung-headerbild-768x335.jpg 768w, https:\/\/phsg-jahresbericht.ch\/2024\/wp-content\/uploads\/sites\/5\/phsg-jahresbericht-2024-berichtsjahr-weiterbildung-headerbild-1536x670.jpg 1536w, https:\/\/phsg-jahresbericht.ch\/2024\/wp-content\/uploads\/sites\/5\/phsg-jahresbericht-2024-berichtsjahr-weiterbildung-headerbild-2048x893.jpg 2048w\" sizes=\"(max-width: 2560px) 100vw, 2560px\" \/> <span class=\"raven-post-image-overlay\"><\/span><\/a>\t\t<\/div>\n\t\t\t\t\t\t<div class=\"raven-post-content\">\n\t\t\t\t\t<h3 class=\"raven-post-title\"><a class=\"raven-post-title-link\" href=\"https:\/\/phsg-jahresbericht.ch\/2024\/berichtsjahr-2024\/weiterbildung\/\">Weiterbildung<\/a><\/h3>\t\t\t\t<\/div>\n\t\t\t<\/div>\n\t\t<\/div>\n\t\t\t\t<\/div>\n\t\t\t\t\t\t<\/div>\n\t\t\t\t<\/div>\n\t\t\t\t\t<\/div>\n\t\t\t\t<\/div>\n\t\t\t\t<\/div>\n\t\t\t\t<\/div>\n\t\t\t\t\t\t<\/div>\n\t\t\t\t<\/div>\n\t\t\t\t\t<\/div>\n\t\t\t\t<\/div>\n\t\t\t\t<\/div>\n\t\t","protected":false},"excerpt":{"rendered":"<p>Berichtsjahr 2024 Die PHSG verfolgt das Ziel, die wichtigste Weiterbildungspartnerin f\u00fcr Lehrpersonen im Kanton St.Gallen zu sein. CAS Kinderrechte, Demokratie und Menschenrechte leben, lernen und lehren Die Auseinandersetzung mit Menschen- und Kinderrechten stellt eine Grundvoraussetzung f\u00fcr Demokratien dar. Der Bildung kommt dabei eine zentrale Funktion und Verantwortung zu. In der Schweiz bestehen aber Defizite, wie [&hellip;]<\/p>\n","protected":false},"author":1,"featured_media":5936,"parent":1261,"menu_order":0,"comment_status":"closed","ping_status":"closed","template":"elementor_header_footer","meta":{"_acf_changed":false,"footnotes":""},"class_list":["post-622","page","type-page","status-publish","has-post-thumbnail","hentry"],"acf":[],"_links":{"self":[{"href":"https:\/\/phsg-jahresbericht.ch\/2024\/wp-json\/wp\/v2\/pages\/622","targetHints":{"allow":["GET"]}}],"collection":[{"href":"https:\/\/phsg-jahresbericht.ch\/2024\/wp-json\/wp\/v2\/pages"}],"about":[{"href":"https:\/\/phsg-jahresbericht.ch\/2024\/wp-json\/wp\/v2\/types\/page"}],"author":[{"embeddable":true,"href":"https:\/\/phsg-jahresbericht.ch\/2024\/wp-json\/wp\/v2\/users\/1"}],"replies":[{"embeddable":true,"href":"https:\/\/phsg-jahresbericht.ch\/2024\/wp-json\/wp\/v2\/comments?post=622"}],"version-history":[{"count":123,"href":"https:\/\/phsg-jahresbericht.ch\/2024\/wp-json\/wp\/v2\/pages\/622\/revisions"}],"predecessor-version":[{"id":7474,"href":"https:\/\/phsg-jahresbericht.ch\/2024\/wp-json\/wp\/v2\/pages\/622\/revisions\/7474"}],"up":[{"embeddable":true,"href":"https:\/\/phsg-jahresbericht.ch\/2024\/wp-json\/wp\/v2\/pages\/1261"}],"wp:featuredmedia":[{"embeddable":true,"href":"https:\/\/phsg-jahresbericht.ch\/2024\/wp-json\/wp\/v2\/media\/5936"}],"wp:attachment":[{"href":"https:\/\/phsg-jahresbericht.ch\/2024\/wp-json\/wp\/v2\/media?parent=622"}],"curies":[{"name":"wp","href":"https:\/\/api.w.org\/{rel}","templated":true}]}}